Does 15 divide 26132016?
False
Is 9863 a factor of 1973210815?
False
Is 1004990486 a multiple of 859?
True
Is 123062490 a multiple of 510?
True
Is 86 a factor of 263211858?
True
Is 2718832 a multiple of 530?
False
Is 64494936 a multiple of 6?
True
Is 541025392 a multiple of 7192?
True
Does 48 divide 130242395?
False
Is 73325650 a multiple of 50?
True
Is 45 a factor of 405774720?
True
Does 768 divide 1198705057?
False
Is 2224991540 a multiple of 15?
False
Does 7 divide 464332659?
True
Is 292187827 a multiple of 2841?
False
Is 7 a factor of 49687477?
True
Is 45 a factor of 17870445?
True
Is 37 a factor of 16764145?
True
Does 262 divide 277093509?
False
Is 315 a factor of 14409360?
True
Does 133 divide 18731328?
False
Is 582 a factor of 52581954?
True
Is 41768662 a multiple of 52?
False
Is 23183325 a multiple of 28?
False
Is 119 a factor of 14886305?
True
Is 1586 a factor of 367603471?
False
Is 207466404 a multiple of 101?
False
Does 367 divide 32210489?
True
Does 195 divide 937507549?
False
Is 278142611 a multiple of 23?
True
Does 16 divide 257593718?
False
Does 3823 divide 68764301?
True
Is 163 a factor of 53081765?
True
Is 77066988 a multiple of 6?
True
Is 2216 a factor of 115884632?
False
Does 252 divide 24399144?
True
Does 14 divide 14929020?
False
Is 27 a factor of 64770192?
True
Is 62727750 a multiple of 27?
True
Does 443 divide 355661408?
False
Is 120 a factor of 827248934?
False
Does 21 divide 67226315?
False
Is 1186121235 a multiple of 11415?
True
Is 13864740 a multiple of 4?
True
Is 18 a factor of 10308771?
False
Is 154910835 a multiple of 50?
False
Is 20 a factor of 63402200?
True
Is 5643486 a multiple of 27?
True
Is 289 a factor of 472871479?
False
Is 33 a factor of 925660845?
False
Does 29 divide 125601465?
True
Is 55415161 a multiple of 6?
False
Is 121 a factor of 13741554?
False
Does 26 divide 265695723?
False
Is 3058651195 a multiple of 126?
False
Does 216 divide 139853222?
False
Is 7846949 a multiple of 2?
False
Does 30 divide 34860240?
True
Is 1359 a factor of 729078967?
False
Is 647755625 a multiple of 32?
False
Is 2187213311 a multiple of 5?
False
Does 111 divide 503513036?
False
Is 1260 a factor of 1794276540?
True
Does 14186 divide 5340376444?
True
Is 6135860 a multiple of 3?
False
Is 99 a factor of 3143628?
False
Is 2061 a factor of 2134367664?
False
Is 980 a factor of 172755390?
False
Is 385 a factor of 515695127?
False
Is 326217965 a multiple of 12?
False
Does 347 divide 80117864?
False
Is 233577696 a multiple of 2832?
True
Is 10 a factor of 9990611?
False
Is 5 a factor of 558289380?
True
Does 190 divide 4129508830?
True
Is 792 a factor of 220370444?
False
Is 504626408 a multiple of 52?
True
Is 24732865 a multiple of 62?
False
Does 5 divide 458186108?
False
Does 1086 divide 264255034?
False
Does 2633 divide 164850741?
False
Does 781 divide 19722593?
True
Is 625640312 a multiple of 2648?
True
Is 40938327 a multiple of 32?
False
Is 8 a factor of 46063675?
False
Is 16 a factor of 79270944?
True
Is 88908426 a multiple of 556?
False
Is 154 a factor of 73479868?
True
Does 821 divide 27930271?
False
Is 11 a factor of 2319163?
True
Is 18 a factor of 320716795?
False
Is 315257345 a multiple of 21?
False
Does 923 divide 387774026?
False
Is 70036267 a multiple of 2120?
False
Is 423 a factor of 241487739?
True
Is 138 a factor of 8001792?
True
Is 24034440 a multiple of 12?
True
Is 10 a factor of 168687229?
False
Is 130404222 a multiple of 13?
True
Does 10 divide 439583440?
True
Is 4 a factor of 16722464?
True
Does 2131 divide 13156794?
True
Does 68 divide 2537169284?
True
Is 24805890 a multiple of 306?
True
Is 9504976 a multiple of 208?
True
Does 233 divide 175894030?
True
Is 302883372 a multiple of 132?
True
Is 131975 a multiple of 45?
False
Does 2 divide 30526022?
True
Does 11 divide 72978013?
False
Is 1175453394 a multiple of 4367?
False
Is 400958376 a multiple of 49?
True
Is 422711595 a multiple of 15?
True
Is 121649734 a multiple of 24?
False
Does 7 divide 153563045?
False
Is 19 a factor of 45992863?
True
Is 3154 a factor of 244662088?
True
Is 117060223 a multiple of 12?
False
Does 5 divide 323025205?
True
Is 5735535 a multiple of 22?
False
Does 413 divide 145350394?
True
Is 6340252 a multiple of 68?
True
Is 37 a factor of 16518050?
False
Is 124 a factor of 221873495?
False
Is 21 a factor of 3847422117?
True
Is 389607488 a multiple of 1417?
False
Does 1458 divide 20739997?
False
Is 3257638 a multiple of 55?
False
Is 161 a factor of 30807511?
True
Is 49193999 a multiple of 460?
False
Does 115 divide 28152115?
True
Does 132 divide 99349668?
True
Is 498318882 a multiple of 85?
False
Does 159 divide 102863?
False
Does 20 divide 99275620?
True
Is 14374425 a multiple of 9?
False
Does 355 divide 745487220?
True
Is 1133208980 a multiple of 50?
False
Does 215 divide 32835445?
True
Is 404 a factor of 41735220?
True
Is 5466475775 a multiple of 41?
False
Is 55 a factor of 159627105?
True
Is 4401082 a multiple of 14?
True
Is 14 a factor of 991319658?
True
Is 32579976 a multiple of 2589?
True
Is 31 a factor of 1842732388?
False
Is 5640439 a multiple of 158?
False
Is 516 a factor of 839363268?
True
Does 232 divide 908891243?
False
Is 70 a factor of 1502900?
True
Is 607068176 a multiple of 404?
True
Does 1050 divide 17243100?
True
Is 255157187 a multiple of 7?
False
Is 316447708 a multiple of 32?
False
Does 110 divide 757339788?
False
Does 248 divide 16973864?
True
Is 56 a factor of 1006818008?
True
Does 19 divide 8846721?
False
Does 2585 divide 1315886495?
True
Is 73 a factor of 20388754?
True
Is 16 a factor of 11319134?
False
Is 21028404 a multiple of 274?
True
Is 408239244 a multiple of 18?
True
Is 328233453 a multiple of 1047?
True
Is 52389956 a multiple of 21?
False
Is 2772 a factor of 394572177?
False
Is 106306270 a multiple of 157?
True
Does 75 divide 231863282?
False
Does 48 divide 81390455?
False
Does 20 divide 67381540?
True
Is 904195772 a multiple of 596?
True
Is 56 a factor of 33213432?
True
Is 32156064 a multiple of 16?
True
Is 506653350 a multiple of 150?
True
Is 77 a factor of 774943477?
True
Does 869 divide 20813943?
False
Is 189097965 a multiple of 900?
False
Is 1779 a factor of 24612465?
True
Is 60301234 a multiple of 1531?
False
Is 5388852 a multiple of 3?
True
Is 178062135 a multiple of 412?
False
Is 17795466 a multiple of 173?
False
Is 9473749 a multiple of 191?
False
Is 334555397 a multiple of 4084?
False
Is 51477004 a multiple of 76?
True
Does 32 divide 422640503?
False
Is 261770292 a multiple of 252?
True
Is 21785870 a multiple of 18?
False
Does 2103 divide 90579280?
False
Is 574249678 a multiple of 1066?
False
Does 23 divide 18001364?
True
Is 214815536 a multiple of 3076?
True
Is 3334631838 a multiple of 446?
True
Is 7259299 a multiple of 8?
False
Does 150 divide 38980350?
True
Is 146 a factor of 181574809?
False
Is 48804800 a multiple of 40?
True
Is 119 a factor of 183091853?
True
Does 388 divide 19696044?
True
Does 162 divide 1695001901?
False
Is 30356556 a multiple of 20?
False
Is 5353275 a multiple of 1563?
True
Is 183129564 a multiple of 122?
True
Does 3963 divide 162549298?
False
Does 117 divide 27910296?
False
Is 13 a factor of 4459588055?
True
Is 167 a factor of 3825803?
True
Is 807521660 a multiple of 38?
True
Does 57 divide 129820008?
True
Does 2 divide 27508934?
True
Does 14 divide 334412036?
True
Does 3637 divide 435996286?
True
Is 438 a factor of 32564104?
False
Is 3598598864 a multiple of 287?
True
Does 901 divide 2522800?
True
Is 178 a factor of 8741176652?
True
Is 142038454 a multiple of 1707?
False
Does 45 divide 36020875?
False
Is 42360384 a multiple of 62?
True
Is 39472692 a multiple of 23?
True
Is 846 a factor of 64249084?
False
Does 442 divide 126545042?
True
Is 23637033 a multiple of 41?
True
Is 171018297 a multiple of 513?
True
Is 71 a factor of 276390575?
True
Does 2968 divide 67241923?
False
Is 179806800 a multiple of 25?
True
Is 817156335 a multiple of 1101?
False
Is 407 a factor of 171235803?
False
Does 52 divide 347892716?
False
Is 1885 a factor of 446637555?
True
Is 918982 a multiple of 17?
False
Does 28 divide 1639954036?
True
Does 1309 divide 462699467?
False
Is 47 a factor of 999596?
True
Is 85301968 a multiple of 8?
True
Is 1854 a factor of 22177548?
True
Does 999 divide 16217766?
T